s divided by 31646?
303
What is the remainder when 162866 is divided by 81395?
76
What is the remainder when 81887630 is divided by 22?
0
What is the remainder when 44293 is divided by 13962?
2407
What is the remainder when 5316451 is divided by 36414?
7
Calculate the remainder when 324991 is divided by 236.
19
What is the remainder when 44973 is divided by 266?
19
What is the remainder when 47536 is divided by 3377?
258
What is the remainder when 120033 is divided by 119724?
309
Calculate the remainder when 38506318 is divided by 55009.
18
Calculate the remainder when 53071390 is divided by 6932.
6930
Calculate the remainder when 67800 is divided by 2256.
120
Calculate the remainder when 265395790 is divided by 611.
608
What is the remainder when 78934 is divided by 3121?
909
Calculate the remainder when 2635373 is divided by 3141.
74
What is the remainder when 3254551 is divided by 1084844?
19
What is the remainder when 31783 is divided by 14796?
2191
Calculate the remainder when 1105711 is divided by 272.
31
Calculate the remainder when 29024925 is divided by 62.
59
Calculate the remainder when 2343897 is divided by 2905.
2467
Calculate the remainder when 12797 is divided by 12463.
334
Calculate the remainder when 1033791 is divided by 5651.
5309
What is the remainder when 82311926 is divided by 77?
4
Calculate the remainder when 2724619 is divided by 592.
235
What is the remainder when 132669347 is divided by 66334646?
55
Calculate the remainder when 102889 is divided by 17133.
91
What is the remainder when 524553 is divided by 635?
43
What is the remainder when 20565 is divided by 17536?
3029
What is the remainder when 85519078 is divided by 86?
76
What is the remainder when 435409 is divided by 144746?
1171
What is the remainder when 4427891 is divided by 88?
83
What is the remainder when 79675 is divided by 13216?
379
What is the remainder when 595076 is divided by 542?
502
Calculate the remainder when 3448989 is divided by 743.
726
Calculate the remainder when 12816478 is divided by 328627.
25
What is the remainder when 190142 is divided by 2185?
47
What is the remainder when 73628429 is divided by 59?
28
Calculate the remainder when 59311285 is divided by 7659.
7648
What is the remainder when 22855 is divided by 4568?
15
What is the remainder when 4856624 is divided by 1253?
1249
What is the remainder when 13761034 is divided by 846?
844
Calculate the remainder when 69672 is divided by 222.
186
Calculate the remainder when 7271647 is divided by 8426.
9
What is the remainder when 1463875 is divided by 242?
17
What is the remainder when 64366019 is divided by 1765?
1764
What is the remainder when 3604 is divided by 3448?
156
Calculate the remainder when 1740270 is divided by 5076.
4278
Calculate the remainder when 1479725 is divided by 471.
314
Calculate the remainder when 1327669 is divided by 999.
997
What is the remainder when 60090087 is divided by 20030024?
15
Calculate the remainder when 158552 is divided by 9908.
24
Calculate the remainder when 14798333 is divided by 4129.
4126
What is the remainder when 269752 is divided by 656?
136
Calculate the remainder when 28097638 is divided by 20.
18
Calculate the remainder when 187669 is divided by 31215.
379
Calculate the remainder when 6665685 is divided by 3076.
3069
What is the remainder when 2290545 is divided by 763156?
1077
What is the remainder when 1001278 is divided by 73?
10
What is the remainder when 153835 is divided by 13742?
2673
Calculate the remainder when 58389 is divided by 18996.
1401
What is the remainder when 2831504 is divided by 274?
262
Calculate the remainder when 14749255 is divided by 71.
70
Calculate the remainder when 737033495 is divided by 2732.
2731
What is the remainder when 96505 is divided by 1790?
1635
Calculate the remainder when 482295 is divided by 160527.
714
Calculate the remainder when 2694810 is divided by 40221.
3
What is the remainder when 4454195 is divided by 4454128?
67
Calculate the remainder when 378371 is divided by 54051.
14
What is the remainder when 18180398 is divided by 19?
1
Calculate the remainder when 20793967 is divided by 17.
9
Calculate the remainder when 58786 is divided by 18159.
4309
What is the remainder when 167910 is divided by 40?
30
What is the remainder when 693651274 is divided by 18?
16
What is the remainder when 22044984 is divided by 1815?
1809
What is the remainder when 945861 is divided by 157634?
57
What is the remainder when 297785 is divided by 4628?
1593
What is the remainder when 21064285 is divided by 32?
29
Calculate the remainder when 1714298 is divided by 190447.
275
What is the remainder when 7710410 is divided by 60?
50
Calculate the remainder when 1764025 is divided by 38.
27
Calculate the remainder when 74293609 is divided by 3376979.
71
Calculate the remainder when 12441 is divided by 2587.
2093
What is the remainder when 30511992 is divided by 218?
58
Calculate the remainder when 1790978 is divided by 596586.
1220
What is the remainder when 3927451 is divided by 10201?
66
Calculate the remainder when 373231 is divided by 198.
1
What is the remainder when 157330 is divided by 2070?
10
Calculate the remainder when 25886669 is divided by 8628886.
11
What is the remainder when 55553 is divided by 27771?
11
Calculate the remainder when 198294026 is divided by 38.
32
What is the remainder when 18298793 is divided by 3558?
3557
What is the remainder when 5477479 is divided by 10?
9
What is the remainder when 716984 is divided by 2482?
2168
Calculate the remainder when 398235397 is divided by 22124188.
13
What is the remainder when 17811 is divided by 896?
787
What is the remainder when 193716 is divided by 1315?
411
Calculate the remainder when 41589 is divided by 9676.
2885
What is the remainder when 316007 is divided by 1926?
143
What is the remainder when 4492867 is divided by 215?
12
What is the remainder when 4815565 is divided by 59?
44
What is the remainder when 3826760 is divided by 259?
35
Calculate the remainder when 966992 is divided by 966536.
456
What is the remainder when 10333145 is divided by 80?
25
What is the remainder when 285626 is divided by 985?
961
Calculate the remainder when 1292047 is divided by 392.
15
What is the remainder when 51775413 is divided by 484?
481
What is the remainder when 1408744 is divided by 634?
630
Calculate the remainder when 49469458 is divided by 33.
16
What is the remainder when 3943550 is divided by 492942?
14
What is the remainder when 8517186 is divided by 943?
10
Calculate the remainder when 4315612 is divided by 291.
82
Calculate the remainder when 27663229 is divided by 859.
852
Calculate the remainder when 26222 is divided by 12675.
872
What is the remainder when 4744140 is divided by 732?
48
What is the remainder when 57001 is divided by 627?
571
Calculate the remainder when 3232966 is divided by 424.
390
Calculate the remainder when 12358153 is divided by 21643.
0
Calculate the remainder when 129510 is divided by 18492.
66
What is the remainder when 5676463 is divided by 10650?
13
What is the remainder when 1023319 is divided by 44492?
3
What is the remainder when 263297 is divided by 18803?
55
What is the remainder when 137301 is divided by 19606?
59
What is the remainder when 706134 is divided by 2180?
1994
Calculate the remainder when 20105 is divided by 3903.
590
What is the remainder when 800154648 is divided by 4559?
4558
What is the remainder when 1159301 is divided by 144911?
13
What is the remainder when 899332 is divided by 899326?
6
Calculate the remainder when 4899533 is divided by 1467.
1220
Calculate the remainder when 1305984 is divided by 3887.
3839
Calculate the remainder when 1590700 is divided by 159031.
390
What is the remainder when 63038 is divided by 773?
425
Calculate the remainder when 59278 is divided by 59271.
7
Calculate the remainder when 307047 is divided by 41.
39
What is the remainder when 4601460 is divided by 23?
11
Calculate the remainder when 6436779 is divided by 1711.
1708
Calculate the remainder when 156180 is divided by 78068.
44
Calculate the remainder when 1123092713 is divided by 149.
147
Calculate the remainder when 803497 is divided by 114785.
2
Calculate the remainder when 101795 is divided by 3